{"id":308,"date":"2021-10-19T17:53:03","date_gmt":"2021-10-19T15:53:03","guid":{"rendered":"http:\/\/southworldimpromusic.com\/?page_id=308"},"modified":"2021-10-19T18:08:28","modified_gmt":"2021-10-19T16:08:28","slug":"michel-dolique","status":"publish","type":"page","link":"https:\/\/southworldimpromusic.com\/index.php\/michel-dolique\/","title":{"rendered":"Michel Dolique"},"content":{"rendered":"\n<p class=\"has-cyan-bluish-gray-color has-text-color has-medium-font-size\">Michel Dolique est n\u00e9 en 1955 dans cette atmosph\u00e8re o\u00f9 sa famille a toujours eu certains go\u00fbts pour l&rsquo;art. Sa grand-m\u00e8re \u00e9tait trag\u00e9dienne \u00e0 l&rsquo;Od\u00e9on et sa grande-tante chef de chant \u00e0 l&rsquo;Op\u00e9ra Comique et pianiste, notamment pour la radio diffusion fran\u00e7aise, elle a \u00e9t\u00e9 pr\u00e9sidente de la \u00ab\u00a0Christian church\u00a0\u00bb de Boston, o\u00f9 elle s\u00e9journait r\u00e9guli\u00e8rement, juste derri\u00e8re le \u00ab\u00a0Berklee College of Music\u00a0\u00bb. Il fait partie d\u00e8s l&rsquo;\u00e2ge de quinze ans de la fanfare des halles de Paris au cor-trompette ainsi que, avec sa soeur, d&rsquo;un ensemble de fl\u00fbte \u00e0 bec classique du mus\u00e9um d&rsquo;histoire naturelle.<\/p>\n\n\n\n<p class=\"has-cyan-bluish-gray-color has-text-color has-medium-font-size\">Il voyage, va dans des concerts et des festivals &#8211; \u00e9tant influenc\u00e9 par la soul et le rhythm and blues d\u00e8s les ann\u00e9es 60, puis par la pop-rock-blues music et enfin par le jazz et la world music &#8211; avec des copains plus \u00e2g\u00e9s qui jouent d\u00e9j\u00e0, et se met \u00e0 la batterie \u00e0 l&rsquo;\u00e2ge de seize ans, croise, rencontre et c\u00f4toie des musiciens connus nationalement et internationalement.<\/p>\n\n\n\n<p class=\"has-cyan-bluish-gray-color has-text-color has-medium-font-size\">Il fait ses classes de tambour au conservatoire, prend des cours particuliers, participe \u00e0 des stages dans des festivals avec, entre autres, Joe Mc Phee, Andr\u00e9 Jaume, Jean-Paul C\u00e9l\u00e9a, Fran\u00e7ois Couturier, Guy Hayat, etc\u2026 et fait partie du big band de l&rsquo;\u00e9cole de Montpellier, o\u00f9 il fait aussi de l&rsquo;harmonie pour l&rsquo;improvisation.<\/p>\n\n\n\n<p class=\"has-cyan-bluish-gray-color has-text-color has-medium-font-size\">Puis il est dans la classe de jazz de Didier Levallet.<\/p>\n\n\n\n<p class=\"has-cyan-bluish-gray-color has-text-color has-medium-font-size\">C&rsquo;est par Daniel Humair qu&rsquo;il est recommand\u00e9 au Berklee College of Music de Boston aux Etats-Unis o\u00f9 il fait des \u00e9tudes, entre autres, avec Ed Kaspik (sp\u00e9cialiste caisse claire) et Tony Cerra (sp\u00e9cialiste musique latine), ainsi que composition, harmonie, arrangement, histoire du langage musical etc.<\/p>\n\n\n\n<p class=\"has-cyan-bluish-gray-color has-text-color has-medium-font-size\">C&rsquo;est \u00e0 l&rsquo;universit\u00e9 de Montpellier qu&rsquo;il fait des \u00e9tudes de musicoth\u00e9rapie.<\/p>\n\n\n\n<p class=\"has-cyan-bluish-gray-color has-text-color has-medium-font-size\">ll a une exp\u00e9rience associative depuis 1976, il se produit devant un public depuis 1970, plus de 1000 concerts, dirige des groupes depuis 1982, participe \u00e0 diff\u00e9rents collectifs, en passant par l&rsquo;influence de, et une exp\u00e9rience dans, la danse contemporaine et la danse africaine, il participe \u00e0 l&rsquo;exp\u00e9rience de studio d&rsquo;enregistrement.<\/p>\n\n\n\n<p class=\"has-cyan-bluish-gray-color has-text-color has-medium-font-size\">Il aime jouer spontan\u00e9ment et se sp\u00e9cialise en improvisation libre, en tenant compte de tous les styles de musique.<\/p>\n\n\n\n<p class=\"has-cyan-bluish-gray-color has-text-color has-medium-font-size\">Il est l&rsquo;auteur de \u00ab\u00a0Artistic Drummer\/Batteur-Leader\u00a0\u00bb\u2026 \u00ab\u00a0Improvisation training and play\u00a0\u00bb (r\u00e9p\u00e9tition, entra\u00eenement et jeu pour l&rsquo;improvisation), \u00ab\u00a0the fifteen rhythm schemes +1 \u00a0\u00bb (les 15 sch\u00e9mas rythmiques +1), \u00ab\u00a0more than fifteen schemes for schedule\u00a0\u00bb (au-del\u00e0 des 15 sch\u00e9mas), \u00ab\u00a0more and more schedule\u2026\u00a0\u00bb (de plus en plus loin), \u00ab\u00a0Dol&rsquo;drums\u00a0\u00bb\u2026 \u00ab\u00a0Jazz writing constriction\u00a0\u00bb (concept de constriction pour le jazz moderne), \u00ab\u00a0Jazz Latin Drums Open Improvisation\u00a0\u00bb, \u00ab\u00a03-2 linear\/vertical\/odd clave\/elasticity for volumetric rhythm concept\u00a0\u00bb (conception volum\u00e9trique du rythme), \u00ab\u00a0the inner artistic way of music\u00a0\u00bb (visualisation du clavier pour l&rsquo;harmonie), \u00ab\u00a0Free Time Musicality\u00a0\u00bb (concept oral, l&rsquo;image interne, outil d&rsquo;organisation de l&rsquo;artiste improvisateur, valable pour les voyants et les non-voyants), du concept \u00ab\u00a0Musisc\u00e8ne\u00a0\u00bb pour Drumset and Co Production pour qui il est aussi musicien, compositeur et arrangeur.<\/p>\n\n\n\n<p class=\"has-cyan-bluish-gray-color has-text-color has-medium-font-size\">Free Time Musicality (\u2026retour \u00e0 l&rsquo;oralit\u00e9 pour transcender l&rsquo;\u00e9crit\u2026) formant le concept global pour l&rsquo;improvisation libre.<\/p>\n\n\n\n<p class=\"has-cyan-bluish-gray-color has-text-color has-medium-font-size\">* Plan Z \u00ab\u00a0Free in Narbonne\u00a0\u00bb c\/o Plan Z<br>* MMB \u00ab\u00a0MMB\u00a0\u00bb c\/o Minotaure<br>* Michel Dolique \u00ab\u00a0Solo\u00a0\u00bb c\/o Minotaure<br>* With \u00ab\u00a0Duos\u00a0\u00bb c\/o Autoprod<br>* Michel Dolique \u00ab\u00a0Mumuse avec les bo\u00eebo\u00eetes\u00a0\u00bb c\/o Autoprod<br>* Trio \u00ab\u00a0The syn&rsquo;plays\u00a0\u00bb c\/o Autoprod<br>* LAMYJ Workshop c\/o Timix<br>* Melting Potes Musique sans Fronti\u00e8res \u00ab\u00a0Swinging the bossa\u00a0\u00bb c\/o Timix<br>* Melting Potes \u00ab\u00a0Pirate\u00a0\u00bb c\/o Drumset and Co<br>* Melting Potes MSF \u00ab\u00a0Universal song\u00a0\u00bb et \u00ab\u00a0Reggae time\u00a0\u00bb c\/o Jaccky Barbier, A l&rsquo;ouest de la Grosne<br>* WIM \u00ab\u00a0Miscellaneous blues\u00a0\u00bb (uniquement en tant qu&rsquo;arrangeur, direction artistique, co-composition)<br>* Trio SWIM-Musisc\u00e8ne \u00ab\u00a0Silver\u00a0\u00bb c\/o Drumset and Co<br>* Trio SWIM-Musisc\u00e8ne \u00ab\u00a0To my little cat\u00a0\u00bb c\/o Drumset and Co<br>* Music\u00e8ne \u00ab\u00a0live in Montpellier\u00a0\u00bb c\/o Drumset anc Co<br>* South World Impro Music \u00ab\u00a0Cooking the blues\u00a0\u00bb c\/o in the kitchen<\/p>\n","protected":false},"excerpt":{"rendered":"<p>Michel Dolique est n\u00e9 en 1955 dans cette atmosph\u00e8re o\u00f9 sa famille a toujours eu certains go\u00fbts pour l&rsquo;art. Sa grand-m\u00e8re \u00e9tait trag\u00e9dienne \u00e0 l&rsquo;Od\u00e9on et sa grande-tante chef de chant \u00e0 l&rsquo;Op\u00e9ra Comique et pianiste, notamment pour la radio diffusion fran\u00e7aise, elle a \u00e9t\u00e9 pr\u00e9sidente de la \u00ab\u00a0Christian church\u00a0\u00bb de Boston, o\u00f9 elle s\u00e9journait &hellip; <\/p>\n<p class=\"link-more\"><a href=\"https:\/\/southworldimpromusic.com\/index.php\/michel-dolique\/\" class=\"more-link\">Continuer la lecture<span class=\"screen-reader-text\"> de &laquo;&nbsp;Michel Dolique&nbsp;&raquo;<\/span><\/a><\/p>\n","protected":false},"author":1,"featured_media":0,"parent":0,"menu_order":0,"comment_status":"closed","ping_status":"closed","template":"","meta":[],"_links":{"self":[{"href":"https:\/\/southworldimpromusic.com\/index.php\/wp-json\/wp\/v2\/pages\/308"}],"collection":[{"href":"https:\/\/southworldimpromusic.com\/index.php\/wp-json\/wp\/v2\/pages"}],"about":[{"href":"https:\/\/southworldimpromusic.com\/index.php\/wp-json\/wp\/v2\/types\/page"}],"author":[{"embeddable":true,"href":"https:\/\/southworldimpromusic.com\/index.php\/wp-json\/wp\/v2\/users\/1"}],"replies":[{"embeddable":true,"href":"https:\/\/southworldimpromusic.com\/index.php\/wp-json\/wp\/v2\/comments?post=308"}],"version-history":[{"count":12,"href":"https:\/\/southworldimpromusic.com\/index.php\/wp-json\/wp\/v2\/pages\/308\/revisions"}],"predecessor-version":[{"id":320,"href":"https:\/\/southworldimpromusic.com\/index.php\/wp-json\/wp\/v2\/pages\/308\/revisions\/320"}],"wp:attachment":[{"href":"https:\/\/southworldimpromusic.com\/index.php\/wp-json\/wp\/v2\/media?parent=308"}],"curies":[{"name":"wp","href":"https:\/\/api.w.org\/{rel}","templated":true}]}}